{"id":2078,"date":"2023-03-24T22:08:13","date_gmt":"2023-03-24T21:08:13","guid":{"rendered":"https:\/\/exploratriceduquotidien.com\/exploratrice\/?page_id=2078"},"modified":"2024-03-01T16:57:04","modified_gmt":"2024-03-01T15:57:04","slug":"coaching-immobilier","status":"publish","type":"page","link":"https:\/\/exploratriceduquotidien.com\/exploratrice\/coaching-immobilier\/","title":{"rendered":"Coaching Immobilier"},"content":{"rendered":"\t\t<div data-elementor-type=\"wp-page\" data-elementor-id=\"2078\" class=\"elementor elementor-2078\">\n\t\t\t\t\t\t<section class=\"elementor-section elementor-top-section elementor-element elementor-element-a256464 elementor-section-boxed elementor-section-height-default elementor-section-height-default\" data-id=\"a256464\" data-element_type=\"section\">\n\t\t\t\t\t\t<div class=\"elementor-container elementor-column-gap-default\">\n\t\t\t\t\t<div class=\"elementor-column elementor-col-50 elementor-top-column elementor-element elementor-element-9a554ad\" data-id=\"9a554ad\" data-element_type=\"column\">\n\t\t\t<div class=\"elementor-widget-wrap elementor-element-populated\">\n\t\t\t\t\t\t<div class=\"elementor-element elementor-element-09056d3 elementor-widget elementor-widget-image\" data-id=\"09056d3\" data-element_type=\"widget\" data-widget_type=\"image.default\">\n\t\t\t\t<div class=\"elementor-widget-container\">\n\t\t\t\t\t\t\t\t\t\t\t\t\t<img fetchpriority=\"high\" decoding=\"async\" width=\"940\" height=\"788\" src=\"https:\/\/exploratriceduquotidien.com\/exploratrice\/wp-content\/uploads\/2023\/03\/coaching-immobilier.jpg\" class=\"attachment-large size-large wp-image-2061\" alt=\"\" srcset=\"https:\/\/exploratriceduquotidien.com\/exploratrice\/wp-content\/uploads\/2023\/03\/coaching-immobilier.jpg 940w, https:\/\/exploratriceduquotidien.com\/exploratrice\/wp-content\/uploads\/2023\/03\/coaching-immobilier-300x251.jpg 300w, https:\/\/exploratriceduquotidien.com\/exploratrice\/wp-content\/uploads\/2023\/03\/coaching-immobilier-768x644.jpg 768w, https:\/\/exploratriceduquotidien.com\/exploratrice\/wp-content\/uploads\/2023\/03\/coaching-immobilier-600x503.jpg 600w\" sizes=\"(max-width: 940px) 100vw, 940px\" \/>\t\t\t\t\t\t\t\t\t\t\t\t\t<\/div>\n\t\t\t\t<\/div>\n\t\t\t\t\t<\/div>\n\t\t<\/div>\n\t\t\t\t<div class=\"elementor-column elementor-col-50 elementor-top-column elementor-element elementor-element-713ab63\" data-id=\"713ab63\" data-element_type=\"column\">\n\t\t\t<div class=\"elementor-widget-wrap elementor-element-populated\">\n\t\t\t\t\t\t<div class=\"elementor-element elementor-element-cb12020 elementor-widget elementor-widget-text-editor\" data-id=\"cb12020\" data-element_type=\"widget\" data-widget_type=\"text-editor.default\">\n\t\t\t\t<div class=\"elementor-widget-container\">\n\t\t\t\t\t\t\t<p>Vous avez un projet d&rsquo;achat immobilier ?<\/p><p>Je vous accompagne pour :<\/p><ul><li><span class=\"S1PPyQ\">R\u00e9pondre \u00e0 vos questions<\/span><\/li><li><span class=\"S1PPyQ\">Clarifier votre projet d&rsquo;achat ou votre strat\u00e9gie d&rsquo;investissement,<\/span><\/li><li><span class=\"S1PPyQ\">Pr\u00e9parer un dossier en b\u00e9ton,<\/span><\/li><li><span class=\"S1PPyQ\">Vous accompagner dans vos visites ou vos recherches,<\/span><\/li><li><span class=\"S1PPyQ\">vous conseiller afin de n\u00e9gocier avec les propri\u00e9taires, l&rsquo;agence, le banquier etc&#8230;<\/span><\/li><li><span class=\"S1PPyQ\">Optimiser un bien pour qu&rsquo;il corresponde \u00e0 vos besoins<\/span><\/li><li>Vous mettre en relation avec l&rsquo;interlocuteur dont vous avez besoin si ce n&rsquo;est pas dans mon champ de comp\u00e9tence<\/li><\/ul><p>Vous avez un projet de vente ?<\/p><p>\u00a0Votre bien est une p\u00e9pite, vous en \u00eates certain et moi aussi.<\/p><p>Je vous accompagne a en explorer concr\u00e8tement le potentiel de vente.<\/p><p>Comment l&rsquo;optimiser ? A qui le vendre ? Comment le vendre rapidement et au juste prix ?<\/p>\t\t\t\t\t\t<\/div>\n\t\t\t\t<\/div>\n\t\t\t\t\t<\/div>\n\t\t<\/div>\n\t\t\t\t\t<\/div>\n\t\t<\/section>\n\t\t\t\t<section class=\"elementor-section elementor-top-section elementor-element elementor-element-0087987 elementor-section-boxed elementor-section-height-default elementor-section-height-default\" data-id=\"0087987\" data-element_type=\"section\">\n\t\t\t\t\t\t<div class=\"elementor-container elementor-column-gap-default\">\n\t\t\t\t\t<div class=\"elementor-column elementor-col-100 elementor-top-column elementor-element elementor-element-ff64df1\" data-id=\"ff64df1\" data-element_type=\"column\">\n\t\t\t<div class=\"elementor-widget-wrap elementor-element-populated\">\n\t\t\t\t\t\t<div class=\"elementor-element elementor-element-64ac3bd elementor-widget elementor-widget-text-editor\" data-id=\"64ac3bd\" data-element_type=\"widget\" data-widget_type=\"text-editor.default\">\n\t\t\t\t<div class=\"elementor-widget-container\">\n\t\t\t\t\t\t\t<p>La parole est \u00e0 vous\u00a0<\/p>\t\t\t\t\t\t<\/div>\n\t\t\t\t<\/div>\n\t\t\t\t<div class=\"elementor-element elementor-element-157351f elementor-widget elementor-widget-text-editor\" data-id=\"157351f\" data-element_type=\"widget\" data-widget_type=\"text-editor.default\">\n\t\t\t\t<div class=\"elementor-widget-container\">\n\t\t\t\t\t\t\t<p><strong>T\u00e9moignage de Viviane (janvier 2024)<\/strong><\/p><p>\u00ab\u00a0Quand Christelle m&rsquo;a expliqu\u00e9 ce qu&rsquo;elle faisait, j&rsquo;ai tout de suite adh\u00e9r\u00e9, et j&rsquo;ai eu raison de lui faire confiance.<\/p><p>Elle a su \u00eatre r\u00e9ellement \u00e0 l&rsquo;\u00e9coute , elle s&rsquo;est ajust\u00e9 et a fait du sur mesure pour m&rsquo;accompagner dans ma recherche qui \u00e9tait loin d&rsquo;\u00eatre simple.<\/p><p>Elle a cru en mon projet, m&rsquo;a encourag\u00e9 et a su maintenir ma motivation. J&rsquo;ai particuli\u00e8rement appr\u00e9ci\u00e9 son suivi tr\u00e8s r\u00e9gulier qui m&rsquo;a permis d\u2019affiner au fur et \u00e0 mesure mes crit\u00e8res.<\/p><p>Quand elle m&rsquo;a pr\u00e9sent\u00e9 la maison de mes r\u00eaves avec un jardin magnifique et au calme, j&rsquo;ai eu l&rsquo;impression de vivre un conte de f\u00e9e.<\/p><p>Tout au long du projet Christelle\u00a0 a \u00e9t\u00e9 vraiment de bon conseil. Sans elle je n&rsquo;aurai jamais r\u00e9ussi \u00e0 n\u00e9gocier le prix de cette maison r\u00e9cente (DPE:classe A \ud83d\ude09) dans un secteur tr\u00e8s recherch\u00e9. Une jolie n\u00e9gociation de 9.000\u20ac.<\/p><p>Je suis tr\u00e8s reconnaissante d&rsquo;avoir \u00ab\u00a0enfin trouv\u00e9 ma tr\u00e8s belle maison\u00a0\u00bb<\/p><p>Merci infiniment Christelle de ce tr\u00e8s bel accompagnement dont le r\u00e9sultat fut au-del\u00e0 de mes esp\u00e9rances. \u00ab\u00a0<\/p>\t\t\t\t\t\t<\/div>\n\t\t\t\t<\/div>\n\t\t\t\t\t<\/div>\n\t\t<\/div>\n\t\t\t\t\t<\/div>\n\t\t<\/section>\n\t\t\t\t<section class=\"elementor-section elementor-top-section elementor-element elementor-element-2375312 elementor-section-boxed elementor-section-height-default elementor-section-height-default\" data-id=\"2375312\" data-element_type=\"section\">\n\t\t\t\t\t\t<div class=\"elementor-container elementor-column-gap-default\">\n\t\t\t\t\t<div class=\"elementor-column elementor-col-100 elementor-top-column elementor-element elementor-element-a84dbab\" data-id=\"a84dbab\" data-element_type=\"column\">\n\t\t\t<div class=\"elementor-widget-wrap elementor-element-populated\">\n\t\t\t\t\t\t<div class=\"elementor-element elementor-element-7528e00 elementor-widget elementor-widget-text-editor\" data-id=\"7528e00\" data-element_type=\"widget\" data-widget_type=\"text-editor.default\">\n\t\t\t\t<div class=\"elementor-widget-container\">\n\t\t\t\t\t\t\t<div dir=\"ltr\" data-setdir=\"false\">T\u00e9moignage de Mathias (Ao\u00fbt 2023)<\/div><div dir=\"ltr\" data-setdir=\"false\">\u00ab\u00a0Christelle nous a \u00e9t\u00e9 d&rsquo;une aide pr\u00e9cieuse pour nous aider \u00e0 trouver un appartement rapidement et qui correspondait \u00e0 nos crit\u00e8res.<\/div><div dir=\"ltr\" data-setdir=\"false\">Elle a su tr\u00e8s rapidement identifier nos besoins et se montrer rassurante sur un march\u00e9 qui va tr\u00e8s vite, alors que nous \u00e9tions loin et indisponibles.<\/div><div dir=\"ltr\" data-setdir=\"false\">Un grand merci pour sa disponibilit\u00e9 et sa r\u00e9activit\u00e9.\u00a0\u00bb<\/div><div dir=\"ltr\" data-setdir=\"false\">\u00a0<\/div>\t\t\t\t\t\t<\/div>\n\t\t\t\t<\/div>\n\t\t\t\t\t<\/div>\n\t\t<\/div>\n\t\t\t\t\t<\/div>\n\t\t<\/section>\n\t\t\t\t<section class=\"elementor-section elementor-top-section elementor-element elementor-element-bc02884 elementor-section-boxed elementor-section-height-default elementor-section-height-default\" data-id=\"bc02884\" data-element_type=\"section\">\n\t\t\t\t\t\t<div class=\"elementor-container elementor-column-gap-default\">\n\t\t\t\t\t<div class=\"elementor-column elementor-col-100 elementor-top-column elementor-element elementor-element-57f3526\" data-id=\"57f3526\" data-element_type=\"column\">\n\t\t\t<div class=\"elementor-widget-wrap elementor-element-populated\">\n\t\t\t\t\t\t<div class=\"elementor-element elementor-element-7e1f710 elementor-align-center elementor-widget elementor-widget-button\" data-id=\"7e1f710\" data-element_type=\"widget\" data-widget_type=\"button.default\">\n\t\t\t\t<div class=\"elementor-widget-container\">\n\t\t\t\t\t\t\t<div class=\"elementor-button-wrapper\">\n\t\t\t\t\t<a class=\"elementor-button elementor-button-link elementor-size-sm\" href=\"https:\/\/exploratriceduquotidien.com\/exploratrice\/contact\/\" target=\"_blank\">\n\t\t\t\t\t\t<span class=\"elementor-button-content-wrapper\">\n\t\t\t\t\t\t\t\t\t<span class=\"elementor-button-text\">Pour en savoir plus<\/span>\n\t\t\t\t\t<\/span>\n\t\t\t\t\t<\/a>\n\t\t\t\t<\/div>\n\t\t\t\t\t\t<\/div>\n\t\t\t\t<\/div>\n\t\t\t\t\t<\/div>\n\t\t<\/div>\n\t\t\t\t\t<\/div>\n\t\t<\/section>\n\t\t\t\t<\/div>\n\t\t","protected":false},"excerpt":{"rendered":"<p>Vous avez un projet d&rsquo;achat immobilier ? Je vous accompagne pour : R\u00e9pondre \u00e0 vos questions Clarifier votre projet d&rsquo;achat ou votre strat\u00e9gie d&rsquo;investissement, Pr\u00e9parer un dossier en b\u00e9ton, Vous accompagner dans vos visites ou vos recherches, vous conseiller afin de n\u00e9gocier avec les propri\u00e9taires, l&rsquo;agence, le banquier etc&#8230; Optimiser un bien pour qu&rsquo;il corresponde [&hellip;]<\/p>\n","protected":false},"author":1,"featured_media":0,"parent":0,"menu_order":0,"comment_status":"closed","ping_status":"closed","template":"","meta":{"site-sidebar-layout":"no-sidebar","site-content-layout":"page-builder","ast-site-content-layout":"","site-content-style":"default","site-sidebar-style":"default","ast-global-header-display":"","ast-banner-title-visibility":"","ast-main-header-display":"","ast-hfb-above-header-display":"","ast-hfb-below-header-display":"","ast-hfb-mobile-header-display":"","site-post-title":"disabled","ast-breadcrumbs-content":"","ast-featured-img":"disabled","footer-sml-layout":"","theme-transparent-header-meta":"","adv-header-id-meta":"","stick-header-meta":"","header-above-stick-meta":"","header-main-stick-meta":"","header-below-stick-meta":"","astra-migrate-meta-layouts":"default","ast-page-background-enabled":"default","ast-page-background-meta":{"desktop":{"background-color":"","background-image":"","background-repeat":"repeat","background-position":"center center","background-size":"auto","background-attachment":"scroll","background-type":"","background-media":"","overlay-type":"","overlay-color":"","overlay-opacity":"","overlay-gradient":""},"tablet":{"background-color":"","background-image":"","background-repeat":"repeat","background-position":"center center","background-size":"auto","background-attachment":"scroll","background-type":"","background-media":"","overlay-type":"","overlay-color":"","overlay-opacity":"","overlay-gradient":""},"mobile":{"background-color":"","background-image":"","background-repeat":"repeat","background-position":"center center","background-size":"auto","background-attachment":"scroll","background-type":"","background-media":"","overlay-type":"","overlay-color":"","overlay-opacity":"","overlay-gradient":""}},"ast-content-background-meta":{"desktop":{"background-color":"var(--ast-global-color-5)","background-image":"","background-repeat":"repeat","background-position":"center center","background-size":"auto","background-attachment":"scroll","background-type":"","background-media":"","overlay-type":"","overlay-color":"","overlay-opacity":"","overlay-gradient":""},"tablet":{"background-color":"var(--ast-global-color-5)","background-image":"","background-repeat":"repeat","background-position":"center center","background-size":"auto","background-attachment":"scroll","background-type":"","background-media":"","overlay-type":"","overlay-color":"","overlay-opacity":"","overlay-gradient":""},"mobile":{"background-color":"var(--ast-global-color-5)","background-image":"","background-repeat":"repeat","background-position":"center center","background-size":"auto","background-attachment":"scroll","background-type":"","background-media":"","overlay-type":"","overlay-color":"","overlay-opacity":"","overlay-gradient":""}},"footnotes":""},"class_list":["post-2078","page","type-page","status-publish","hentry"],"_links":{"self":[{"href":"https:\/\/exploratriceduquotidien.com\/exploratrice\/wp-json\/wp\/v2\/pages\/2078"}],"collection":[{"href":"https:\/\/exploratriceduquotidien.com\/exploratrice\/wp-json\/wp\/v2\/pages"}],"about":[{"href":"https:\/\/exploratriceduquotidien.com\/exploratrice\/wp-json\/wp\/v2\/types\/page"}],"author":[{"embeddable":true,"href":"https:\/\/exploratriceduquotidien.com\/exploratrice\/wp-json\/wp\/v2\/users\/1"}],"replies":[{"embeddable":true,"href":"https:\/\/exploratriceduquotidien.com\/exploratrice\/wp-json\/wp\/v2\/comments?post=2078"}],"version-history":[{"count":55,"href":"https:\/\/exploratriceduquotidien.com\/exploratrice\/wp-json\/wp\/v2\/pages\/2078\/revisions"}],"predecessor-version":[{"id":2573,"href":"https:\/\/exploratriceduquotidien.com\/exploratrice\/wp-json\/wp\/v2\/pages\/2078\/revisions\/2573"}],"wp:attachment":[{"href":"https:\/\/exploratriceduquotidien.com\/exploratrice\/wp-json\/wp\/v2\/media?parent=2078"}],"curies":[{"name":"wp","href":"https:\/\/api.w.org\/{rel}","templated":true}]}}