{"id":2020,"date":"2023-03-24T19:45:05","date_gmt":"2023-03-24T18:45:05","guid":{"rendered":"https:\/\/exploratriceduquotidien.com\/exploratrice\/?page_id=2020"},"modified":"2025-02-28T14:49:02","modified_gmt":"2025-02-28T13:49:02","slug":"bocal-a-bonheur-happy-exploratrice","status":"publish","type":"page","link":"https:\/\/exploratriceduquotidien.com\/exploratrice\/bocal-a-bonheur-happy-exploratrice\/","title":{"rendered":"Bocal \u00e0 bonheur \u00ab\u00a0Happy Exploratrice\u00a0\u00bb"},"content":{"rendered":"\t\t<div data-elementor-type=\"wp-page\" data-elementor-id=\"2020\" class=\"elementor elementor-2020\">\n\t\t\t\t\t\t<section class=\"elementor-section elementor-top-section elementor-element elementor-element-fa363b7 elementor-section-boxed elementor-section-height-default elementor-section-height-default\" data-id=\"fa363b7\" data-element_type=\"section\">\n\t\t\t\t\t\t<div class=\"elementor-container elementor-column-gap-default\">\n\t\t\t\t\t<div class=\"elementor-column elementor-col-50 elementor-top-column elementor-element elementor-element-669f3d9\" data-id=\"669f3d9\" data-element_type=\"column\">\n\t\t\t<div class=\"elementor-widget-wrap elementor-element-populated\">\n\t\t\t\t\t\t<div class=\"elementor-element elementor-element-7b84e32 elementor-widget elementor-widget-image\" data-id=\"7b84e32\" data-element_type=\"widget\" data-widget_type=\"image.default\">\n\t\t\t\t<div class=\"elementor-widget-container\">\n\t\t\t\t\t\t\t\t\t\t\t\t\t<img fetchpriority=\"high\" decoding=\"async\" width=\"768\" height=\"1024\" src=\"https:\/\/exploratriceduquotidien.com\/exploratrice\/wp-content\/uploads\/2023\/03\/20230305_091834-768x1024.jpg\" class=\"attachment-large size-large wp-image-2016\" alt=\"\" srcset=\"https:\/\/exploratriceduquotidien.com\/exploratrice\/wp-content\/uploads\/2023\/03\/20230305_091834-768x1024.jpg 768w, https:\/\/exploratriceduquotidien.com\/exploratrice\/wp-content\/uploads\/2023\/03\/20230305_091834-225x300.jpg 225w, https:\/\/exploratriceduquotidien.com\/exploratrice\/wp-content\/uploads\/2023\/03\/20230305_091834-1152x1536.jpg 1152w, https:\/\/exploratriceduquotidien.com\/exploratrice\/wp-content\/uploads\/2023\/03\/20230305_091834-1536x2048.jpg 1536w, https:\/\/exploratriceduquotidien.com\/exploratrice\/wp-content\/uploads\/2023\/03\/20230305_091834-1320x1760.jpg 1320w, https:\/\/exploratriceduquotidien.com\/exploratrice\/wp-content\/uploads\/2023\/03\/20230305_091834-600x800.jpg 600w, https:\/\/exploratriceduquotidien.com\/exploratrice\/wp-content\/uploads\/2023\/03\/20230305_091834-scaled.jpg 1920w\" sizes=\"(max-width: 768px) 100vw, 768px\" \/>\t\t\t\t\t\t\t\t\t\t\t\t\t<\/div>\n\t\t\t\t<\/div>\n\t\t\t\t\t<\/div>\n\t\t<\/div>\n\t\t\t\t<div class=\"elementor-column elementor-col-50 elementor-top-column elementor-element elementor-element-0c1726e\" data-id=\"0c1726e\" data-element_type=\"column\">\n\t\t\t<div class=\"elementor-widget-wrap elementor-element-populated\">\n\t\t\t\t\t\t<div class=\"elementor-element elementor-element-51b984e elementor-widget elementor-widget-image\" data-id=\"51b984e\" data-element_type=\"widget\" data-widget_type=\"image.default\">\n\t\t\t\t<div class=\"elementor-widget-container\">\n\t\t\t\t\t\t\t\t\t\t\t\t\t<img decoding=\"async\" width=\"768\" height=\"1024\" src=\"https:\/\/exploratriceduquotidien.com\/exploratrice\/wp-content\/uploads\/2023\/03\/20221125_150456-scaled-e1679683137522-768x1024.jpg\" class=\"attachment-large size-large wp-image-2014\" alt=\"\" srcset=\"https:\/\/exploratriceduquotidien.com\/exploratrice\/wp-content\/uploads\/2023\/03\/20221125_150456-scaled-e1679683137522-768x1024.jpg 768w, https:\/\/exploratriceduquotidien.com\/exploratrice\/wp-content\/uploads\/2023\/03\/20221125_150456-scaled-e1679683137522-225x300.jpg 225w, https:\/\/exploratriceduquotidien.com\/exploratrice\/wp-content\/uploads\/2023\/03\/20221125_150456-scaled-e1679683137522-1152x1536.jpg 1152w, https:\/\/exploratriceduquotidien.com\/exploratrice\/wp-content\/uploads\/2023\/03\/20221125_150456-scaled-e1679683137522-600x800.jpg 600w, https:\/\/exploratriceduquotidien.com\/exploratrice\/wp-content\/uploads\/2023\/03\/20221125_150456-scaled-e1679683137522.jpg 1200w\" sizes=\"(max-width: 768px) 100vw, 768px\" \/>\t\t\t\t\t\t\t\t\t\t\t\t\t<\/div>\n\t\t\t\t<\/div>\n\t\t\t\t\t<\/div>\n\t\t<\/div>\n\t\t\t\t\t<\/div>\n\t\t<\/section>\n\t\t\t\t<section class=\"elementor-section elementor-top-section elementor-element elementor-element-6e7504b elementor-section-boxed elementor-section-height-default elementor-section-height-default\" data-id=\"6e7504b\" data-element_type=\"section\">\n\t\t\t\t\t\t<div class=\"elementor-container elementor-column-gap-default\">\n\t\t\t\t\t<div class=\"elementor-column elementor-col-100 elementor-top-column elementor-element elementor-element-8bd2dae\" data-id=\"8bd2dae\" data-element_type=\"column\">\n\t\t\t<div class=\"elementor-widget-wrap elementor-element-populated\">\n\t\t\t\t\t\t<div class=\"elementor-element elementor-element-694ab15 elementor-widget elementor-widget-text-editor\" data-id=\"694ab15\" data-element_type=\"widget\" data-widget_type=\"text-editor.default\">\n\t\t\t\t<div class=\"elementor-widget-container\">\n\t\t\t\t\t\t\t<div dir=\"auto\">Des coups de mou, nous en avons tous.<\/div>\n<div dir=\"auto\">Quand j&rsquo;ai d\u00e9couvert la psychologie positive, j&rsquo;ai ouvert une porte magique pour nourrir mon mental d&rsquo;exp\u00e9riences et d&rsquo;\u00e9nergie positive.<\/div>\n<div dir=\"auto\">Le Bocal \u00e0 Bonheur Happy Exploratrice est n\u00e9 avec mes accompagnements pour stimuler au quotidien la production de \u00ab\u00a0good vibes\u00a0\u00bb comme on dit. &nbsp;Une ressource douce et boostante \u00e0 la fois pour prendre soin de soi au quotidien. Des messages positifs et inspirants, des d\u00e9fis, des questions et des citations pour se donner un coup de pouce ou un coup de boost.<\/div>\n<div dir=\"auto\">Vous ne serez pas surpris si je vous dis qu&rsquo;on pioche rarement un message au hasard.<\/div>\n<div dir=\"auto\">&nbsp;<\/div>\n<div dir=\"auto\"><u>Quelques t\u00e9moignages<\/u>&nbsp;<\/div>\n<div dir=\"auto\">&nbsp;<\/div>\n<div dir=\"auto\">C. en garde un au dos de son t\u00e9l\u00e9phone comme source d&rsquo;inspiration.<\/div>\n<div dir=\"auto\">&nbsp;<\/div>\n<div dir=\"auto\">D. : \u00ab\u00a0j&rsquo;ai d&rsquo;abord ronchonn\u00e9 en lisant la question, et puis, je me suis mise \u00e0 rire en pensant \u00e0 ma r\u00e9ponse\u00a0\u00bb.<\/div>\n<div dir=\"auto\">&nbsp;<\/div>\n<div dir=\"auto\">A : \u00ab\u00a0Je garde mon bocal dans la cuisine, tirer un papier est devenu comme une sorte de rituel avant le petit d\u00e9jeuner pour ensoleiller ma journ\u00e9e\u00a0\u00bb.<\/div><div dir=\"auto\"><br><\/div><div dir=\"auto\">C. \u00ab\u00a0Des messages simples, mais puissants, qui nous rappellent que la bienveillance commence par soi-m\u00eame. S&rsquo;autoriser \u00e0 \u00eatre imparfait(e), se dire qu&rsquo;on avance \u00e0 son rythme et savourer chaque petit moment de joie&#8230; Merci Christelle pour cette belle id\u00e9e qui fait du bien au coeur et \u00e0 l&rsquo;esprit\u00a0\u00bb<\/div>\t\t\t\t\t\t<\/div>\n\t\t\t\t<\/div>\n\t\t\t\t\t<\/div>\n\t\t<\/div>\n\t\t\t\t\t<\/div>\n\t\t<\/section>\n\t\t\t\t<section class=\"elementor-section elementor-top-section elementor-element elementor-element-7fe32bf elementor-section-boxed elementor-section-height-default elementor-section-height-default\" data-id=\"7fe32bf\" data-element_type=\"section\">\n\t\t\t\t\t\t<div class=\"elementor-container elementor-column-gap-default\">\n\t\t\t\t\t<div class=\"elementor-column elementor-col-100 elementor-top-column elementor-element elementor-element-07fa632\" data-id=\"07fa632\" data-element_type=\"column\">\n\t\t\t<div class=\"elementor-widget-wrap elementor-element-populated\">\n\t\t\t\t\t\t<div class=\"elementor-element elementor-element-8d0bb2c elementor-widget elementor-widget-text-editor\" data-id=\"8d0bb2c\" data-element_type=\"widget\" data-widget_type=\"text-editor.default\">\n\t\t\t\t<div class=\"elementor-widget-container\">\n\t\t\t\t\t\t\t<p>25\u20ac<\/p><p>(photos non contractuelles, plusieurs formes de bocal sont disponibles, le contenu restant identique)<\/p><p>Remise en mains propres \u00e0 Nantes ou exp\u00e9dition via Mondial Relay (frais de port en sus)<\/p><p>Encore un peu de patience, la boutique en ligne sera bient\u00f4t disponible, d&rsquo;ici l\u00e0 commande par email, en appuyant sur le bouton ci-dessous.<\/p>\t\t\t\t\t\t<\/div>\n\t\t\t\t<\/div>\n\t\t\t\t\t<\/div>\n\t\t<\/div>\n\t\t\t\t\t<\/div>\n\t\t<\/section>\n\t\t\t\t<section class=\"elementor-section elementor-top-section elementor-element elementor-element-0267769 elementor-section-boxed elementor-section-height-default elementor-section-height-default\" data-id=\"0267769\" data-element_type=\"section\">\n\t\t\t\t\t\t<div class=\"elementor-container elementor-column-gap-default\">\n\t\t\t\t\t<div class=\"elementor-column elementor-col-100 elementor-top-column elementor-element elementor-element-1496a73\" data-id=\"1496a73\" data-element_type=\"column\">\n\t\t\t<div class=\"elementor-widget-wrap elementor-element-populated\">\n\t\t\t\t\t\t<div class=\"elementor-element elementor-element-0ab63b3 elementor-align-center elementor-widget elementor-widget-button\" data-id=\"0ab63b3\" data-element_type=\"widget\" data-widget_type=\"button.default\">\n\t\t\t\t<div class=\"elementor-widget-container\">\n\t\t\t\t\t\t\t<div class=\"elementor-button-wrapper\">\n\t\t\t\t\t<a class=\"elementor-button elementor-button-link elementor-size-sm\" href=\"https:\/\/exploratriceduquotidien.com\/exploratrice\/contact\/\">\n\t\t\t\t\t\t<span class=\"elementor-button-content-wrapper\">\n\t\t\t\t\t\t\t\t\t<span class=\"elementor-button-text\">Pour commander<\/span>\n\t\t\t\t\t<\/span>\n\t\t\t\t\t<\/a>\n\t\t\t\t<\/div>\n\t\t\t\t\t\t<\/div>\n\t\t\t\t<\/div>\n\t\t\t\t\t<\/div>\n\t\t<\/div>\n\t\t\t\t\t<\/div>\n\t\t<\/section>\n\t\t\t\t<\/div>\n\t\t","protected":false},"excerpt":{"rendered":"<p>Des coups de mou, nous en avons tous. Quand j&rsquo;ai d\u00e9couvert la psychologie positive, j&rsquo;ai ouvert une porte magique pour nourrir mon mental d&rsquo;exp\u00e9riences et d&rsquo;\u00e9nergie positive. Le Bocal \u00e0 Bonheur Happy Exploratrice est n\u00e9 avec mes accompagnements pour stimuler au quotidien la production de \u00ab\u00a0good vibes\u00a0\u00bb comme on dit. &nbsp;Une ressource douce et boostante [&hellip;]<\/p>\n","protected":false},"author":1,"featured_media":0,"parent":0,"menu_order":0,"comment_status":"closed","ping_status":"closed","template":"","meta":{"site-sidebar-layout":"no-sidebar","site-content-layout":"page-builder","ast-site-content-layout":"","site-content-style":"default","site-sidebar-style":"default","ast-global-header-display":"","ast-banner-title-visibility":"","ast-main-header-display":"","ast-hfb-above-header-display":"","ast-hfb-below-header-display":"","ast-hfb-mobile-header-display":"","site-post-title":"disabled","ast-breadcrumbs-content":"","ast-featured-img":"disabled","footer-sml-layout":"","theme-transparent-header-meta":"","adv-header-id-meta":"","stick-header-meta":"","header-above-stick-meta":"","header-main-stick-meta":"","header-below-stick-meta":"","astra-migrate-meta-layouts":"default","ast-page-background-enabled":"default","ast-page-background-meta":{"desktop":{"background-color":"","background-image":"","background-repeat":"repeat","background-position":"center center","background-size":"auto","background-attachment":"scroll","background-type":"","background-media":"","overlay-type":"","overlay-color":"","overlay-opacity":"","overlay-gradient":""},"tablet":{"background-color":"","background-image":"","background-repeat":"repeat","background-position":"center center","background-size":"auto","background-attachment":"scroll","background-type":"","background-media":"","overlay-type":"","overlay-color":"","overlay-opacity":"","overlay-gradient":""},"mobile":{"background-color":"","background-image":"","background-repeat":"repeat","background-position":"center center","background-size":"auto","background-attachment":"scroll","background-type":"","background-media":"","overlay-type":"","overlay-color":"","overlay-opacity":"","overlay-gradient":""}},"ast-content-background-meta":{"desktop":{"background-color":"var(--ast-global-color-5)","background-image":"","background-repeat":"repeat","background-position":"center center","background-size":"auto","background-attachment":"scroll","background-type":"","background-media":"","overlay-type":"","overlay-color":"","overlay-opacity":"","overlay-gradient":""},"tablet":{"background-color":"var(--ast-global-color-5)","background-image":"","background-repeat":"repeat","background-position":"center center","background-size":"auto","background-attachment":"scroll","background-type":"","background-media":"","overlay-type":"","overlay-color":"","overlay-opacity":"","overlay-gradient":""},"mobile":{"background-color":"var(--ast-global-color-5)","background-image":"","background-repeat":"repeat","background-position":"center center","background-size":"auto","background-attachment":"scroll","background-type":"","background-media":"","overlay-type":"","overlay-color":"","overlay-opacity":"","overlay-gradient":""}},"footnotes":""},"class_list":["post-2020","page","type-page","status-publish","hentry"],"_links":{"self":[{"href":"https:\/\/exploratriceduquotidien.com\/exploratrice\/wp-json\/wp\/v2\/pages\/2020"}],"collection":[{"href":"https:\/\/exploratriceduquotidien.com\/exploratrice\/wp-json\/wp\/v2\/pages"}],"about":[{"href":"https:\/\/exploratriceduquotidien.com\/exploratrice\/wp-json\/wp\/v2\/types\/page"}],"author":[{"embeddable":true,"href":"https:\/\/exploratriceduquotidien.com\/exploratrice\/wp-json\/wp\/v2\/users\/1"}],"replies":[{"embeddable":true,"href":"https:\/\/exploratriceduquotidien.com\/exploratrice\/wp-json\/wp\/v2\/comments?post=2020"}],"version-history":[{"count":19,"href":"https:\/\/exploratriceduquotidien.com\/exploratrice\/wp-json\/wp\/v2\/pages\/2020\/revisions"}],"predecessor-version":[{"id":2617,"href":"https:\/\/exploratriceduquotidien.com\/exploratrice\/wp-json\/wp\/v2\/pages\/2020\/revisions\/2617"}],"wp:attachment":[{"href":"https:\/\/exploratriceduquotidien.com\/exploratrice\/wp-json\/wp\/v2\/media?parent=2020"}],"curies":[{"name":"wp","href":"https:\/\/api.w.org\/{rel}","templated":true}]}}