{"id":1983,"date":"2023-03-24T18:54:42","date_gmt":"2023-03-24T17:54:42","guid":{"rendered":"https:\/\/exploratriceduquotidien.com\/exploratrice\/?page_id=1983"},"modified":"2023-03-25T16:34:12","modified_gmt":"2023-03-25T15:34:12","slug":"coup-de-pouce-voyage","status":"publish","type":"page","link":"https:\/\/exploratriceduquotidien.com\/exploratrice\/coup-de-pouce-voyage\/","title":{"rendered":"Coup de Pouce Voyage"},"content":{"rendered":"\t\t<div data-elementor-type=\"wp-page\" data-elementor-id=\"1983\" class=\"elementor elementor-1983\">\n\t\t\t\t\t\t<section class=\"elementor-section elementor-top-section elementor-element elementor-element-40dec23 elementor-section-boxed elementor-section-height-default elementor-section-height-default\" data-id=\"40dec23\" data-element_type=\"section\">\n\t\t\t\t\t\t<div class=\"elementor-container elementor-column-gap-default\">\n\t\t\t\t\t<div class=\"elementor-column elementor-col-33 elementor-top-column elementor-element elementor-element-a820ec4\" data-id=\"a820ec4\" data-element_type=\"column\">\n\t\t\t<div class=\"elementor-widget-wrap elementor-element-populated\">\n\t\t\t\t\t\t<div class=\"elementor-element elementor-element-72b555b elementor-widget elementor-widget-image\" data-id=\"72b555b\" data-element_type=\"widget\" data-widget_type=\"image.default\">\n\t\t\t\t<div class=\"elementor-widget-container\">\n\t\t\t\t\t\t\t\t\t\t\t\t\t<img fetchpriority=\"high\" decoding=\"async\" width=\"768\" height=\"1024\" src=\"https:\/\/exploratriceduquotidien.com\/exploratrice\/wp-content\/uploads\/2022\/10\/20210718_124226-1-768x1024.jpg\" class=\"attachment-large size-large wp-image-1854\" alt=\"\" srcset=\"https:\/\/exploratriceduquotidien.com\/exploratrice\/wp-content\/uploads\/2022\/10\/20210718_124226-1-768x1024.jpg 768w, https:\/\/exploratriceduquotidien.com\/exploratrice\/wp-content\/uploads\/2022\/10\/20210718_124226-1-225x300.jpg 225w, https:\/\/exploratriceduquotidien.com\/exploratrice\/wp-content\/uploads\/2022\/10\/20210718_124226-1-1152x1536.jpg 1152w, https:\/\/exploratriceduquotidien.com\/exploratrice\/wp-content\/uploads\/2022\/10\/20210718_124226-1-1536x2048.jpg 1536w, https:\/\/exploratriceduquotidien.com\/exploratrice\/wp-content\/uploads\/2022\/10\/20210718_124226-1-1320x1760.jpg 1320w, https:\/\/exploratriceduquotidien.com\/exploratrice\/wp-content\/uploads\/2022\/10\/20210718_124226-1-600x800.jpg 600w, https:\/\/exploratriceduquotidien.com\/exploratrice\/wp-content\/uploads\/2022\/10\/20210718_124226-1-scaled.jpg 1920w\" sizes=\"(max-width: 768px) 100vw, 768px\" \/>\t\t\t\t\t\t\t\t\t\t\t\t\t<\/div>\n\t\t\t\t<\/div>\n\t\t\t\t\t<\/div>\n\t\t<\/div>\n\t\t\t\t<div class=\"elementor-column elementor-col-66 elementor-top-column elementor-element elementor-element-db11828\" data-id=\"db11828\" data-element_type=\"column\">\n\t\t\t<div class=\"elementor-widget-wrap elementor-element-populated\">\n\t\t\t\t\t\t<div class=\"elementor-element elementor-element-1797a96 elementor-widget elementor-widget-text-editor\" data-id=\"1797a96\" data-element_type=\"widget\" data-widget_type=\"text-editor.default\">\n\t\t\t\t<div class=\"elementor-widget-container\">\n\t\t\t\t\t\t\t<p>Cela fait maintenant plus de 30 ans que j&rsquo;organise mes voyages autour du globe.<\/p>\n<p>Au compteur, des milliers de kilom\u00e8tres en solo, en couple, ou en groupe avec un budget toujours ma\u00eetris\u00e9, des coups de coeur hors de sentiers battus et des incontournables.<\/p>\n<p><u>Quelques exemple de questions d\u00e9j\u00e0 pos\u00e9es :<\/u><\/p>\n<p>\u00a0\u00bb Je pars au Canada bient\u00f4t, l&rsquo;h\u00e9bergement me semble cher, vous avez des tuyaux pour ne pas exploser mon budget ?\u00a0\u00bb<\/p>\n<p>\u00ab\u00a0J&#8217;emm\u00e8ne mon fils au Costa Rica, tu as une compagnie a\u00e9rienne \u00e0 nous recommander ?\u00a0\u00bb<\/p>\n<p>\u00ab\u00a0J&rsquo;ai envie de partir seule l&rsquo;\u00e9t\u00e9 prochain mais ce sera la premi\u00e8re fois, vous avez des destinations \u00e0 me sugg\u00e9rer ?<\/p>\n<p>\u00ab\u00a0On veut partir en famille en avril mais on n&rsquo;arrive pas \u00e0 se mettre d&rsquo;accord sur la destination, vous pouvez nous aider ?\u00a0\u00bb<\/p>\n<p>\u00ab\u00a0J&rsquo;aimerais faire une surprise \u00e0 ma femme pour notre anniversaire, vous pourriez me proposer des week-ends, avec vol et h\u00e9bergement dans mon budget ?\u00a0\u00bb<\/p>\n<p>80\u20ac la s\u00e9ance de 45 minutes<\/p>\t\t\t\t\t\t<\/div>\n\t\t\t\t<\/div>\n\t\t\t\t\t<\/div>\n\t\t<\/div>\n\t\t\t\t\t<\/div>\n\t\t<\/section>\n\t\t\t\t<section class=\"elementor-section elementor-top-section elementor-element elementor-element-d017834 elementor-section-boxed elementor-section-height-default elementor-section-height-default\" data-id=\"d017834\" data-element_type=\"section\">\n\t\t\t\t\t\t<div class=\"elementor-container elementor-column-gap-default\">\n\t\t\t\t\t<div class=\"elementor-column elementor-col-100 elementor-top-column elementor-element elementor-element-e05b744\" data-id=\"e05b744\" data-element_type=\"column\">\n\t\t\t<div class=\"elementor-widget-wrap elementor-element-populated\">\n\t\t\t\t\t\t<div class=\"elementor-element elementor-element-9e429bb elementor-align-center elementor-widget elementor-widget-button\" data-id=\"9e429bb\" data-element_type=\"widget\" data-widget_type=\"button.default\">\n\t\t\t\t<div class=\"elementor-widget-container\">\n\t\t\t\t\t\t\t<div class=\"elementor-button-wrapper\">\n\t\t\t\t\t<a class=\"elementor-button elementor-button-link elementor-size-sm\" href=\"https:\/\/exploratriceduquotidien.com\/exploratrice\/contact\/\">\n\t\t\t\t\t\t<span class=\"elementor-button-content-wrapper\">\n\t\t\t\t\t\t\t\t\t<span class=\"elementor-button-text\">Pour en savoir plus<\/span>\n\t\t\t\t\t<\/span>\n\t\t\t\t\t<\/a>\n\t\t\t\t<\/div>\n\t\t\t\t\t\t<\/div>\n\t\t\t\t<\/div>\n\t\t\t\t\t<\/div>\n\t\t<\/div>\n\t\t\t\t\t<\/div>\n\t\t<\/section>\n\t\t\t\t<\/div>\n\t\t","protected":false},"excerpt":{"rendered":"<p>Cela fait maintenant plus de 30 ans que j&rsquo;organise mes voyages autour du globe. Au compteur, des milliers de kilom\u00e8tres en solo, en couple, ou en groupe avec un budget toujours ma\u00eetris\u00e9, des coups de coeur hors de sentiers battus et des incontournables. Quelques exemple de questions d\u00e9j\u00e0 pos\u00e9es : \u00a0\u00bb Je pars au Canada [&hellip;]<\/p>\n","protected":false},"author":1,"featured_media":0,"parent":0,"menu_order":0,"comment_status":"closed","ping_status":"closed","template":"","meta":{"site-sidebar-layout":"no-sidebar","site-content-layout":"page-builder","ast-site-content-layout":"","site-content-style":"default","site-sidebar-style":"default","ast-global-header-display":"","ast-banner-title-visibility":"","ast-main-header-display":"","ast-hfb-above-header-display":"","ast-hfb-below-header-display":"","ast-hfb-mobile-header-display":"","site-post-title":"disabled","ast-breadcrumbs-content":"","ast-featured-img":"disabled","footer-sml-layout":"","theme-transparent-header-meta":"","adv-header-id-meta":"","stick-header-meta":"","header-above-stick-meta":"","header-main-stick-meta":"","header-below-stick-meta":"","astra-migrate-meta-layouts":"default","ast-page-background-enabled":"default","ast-page-background-meta":{"desktop":{"background-color":"","background-image":"","background-repeat":"repeat","background-position":"center center","background-size":"auto","background-attachment":"scroll","background-type":"","background-media":"","overlay-type":"","overlay-color":"","overlay-opacity":"","overlay-gradient":""},"tablet":{"background-color":"","background-image":"","background-repeat":"repeat","background-position":"center center","background-size":"auto","background-attachment":"scroll","background-type":"","background-media":"","overlay-type":"","overlay-color":"","overlay-opacity":"","overlay-gradient":""},"mobile":{"background-color":"","background-image":"","background-repeat":"repeat","background-position":"center center","background-size":"auto","background-attachment":"scroll","background-type":"","background-media":"","overlay-type":"","overlay-color":"","overlay-opacity":"","overlay-gradient":""}},"ast-content-background-meta":{"desktop":{"background-color":"var(--ast-global-color-5)","background-image":"","background-repeat":"repeat","background-position":"center center","background-size":"auto","background-attachment":"scroll","background-type":"","background-media":"","overlay-type":"","overlay-color":"","overlay-opacity":"","overlay-gradient":""},"tablet":{"background-color":"var(--ast-global-color-5)","background-image":"","background-repeat":"repeat","background-position":"center center","background-size":"auto","background-attachment":"scroll","background-type":"","background-media":"","overlay-type":"","overlay-color":"","overlay-opacity":"","overlay-gradient":""},"mobile":{"background-color":"var(--ast-global-color-5)","background-image":"","background-repeat":"repeat","background-position":"center center","background-size":"auto","background-attachment":"scroll","background-type":"","background-media":"","overlay-type":"","overlay-color":"","overlay-opacity":"","overlay-gradient":""}},"footnotes":""},"class_list":["post-1983","page","type-page","status-publish","hentry"],"_links":{"self":[{"href":"https:\/\/exploratriceduquotidien.com\/exploratrice\/wp-json\/wp\/v2\/pages\/1983"}],"collection":[{"href":"https:\/\/exploratriceduquotidien.com\/exploratrice\/wp-json\/wp\/v2\/pages"}],"about":[{"href":"https:\/\/exploratriceduquotidien.com\/exploratrice\/wp-json\/wp\/v2\/types\/page"}],"author":[{"embeddable":true,"href":"https:\/\/exploratriceduquotidien.com\/exploratrice\/wp-json\/wp\/v2\/users\/1"}],"replies":[{"embeddable":true,"href":"https:\/\/exploratriceduquotidien.com\/exploratrice\/wp-json\/wp\/v2\/comments?post=1983"}],"version-history":[{"count":16,"href":"https:\/\/exploratriceduquotidien.com\/exploratrice\/wp-json\/wp\/v2\/pages\/1983\/revisions"}],"predecessor-version":[{"id":2263,"href":"https:\/\/exploratriceduquotidien.com\/exploratrice\/wp-json\/wp\/v2\/pages\/1983\/revisions\/2263"}],"wp:attachment":[{"href":"https:\/\/exploratriceduquotidien.com\/exploratrice\/wp-json\/wp\/v2\/media?parent=1983"}],"curies":[{"name":"wp","href":"https:\/\/api.w.org\/{rel}","templated":true}]}}